{"id":327,"date":"2020-06-04T08:28:48","date_gmt":"2020-06-04T06:28:48","guid":{"rendered":"https:\/\/shop.costersdelpriorat.comproduct\/blanc-de-closos\/"},"modified":"2026-01-22T09:30:19","modified_gmt":"2026-01-22T08:30:19","slug":"vi-blanc-blanc-de-closos","status":"publish","type":"product","link":"https:\/\/shop.costersdelpriorat.com\/ca\/productes\/vi-blanc-blanc-de-closos\/","title":{"rendered":"Blanc de Closos"},"content":{"rendered":"<p class=\"mar-bot-30\">Des d\u2019antic, als costers de garnatxa negre i sams\u00f3 s\u2019han plantat ceps esparsos de ra\u00efm blanc. La finalitat era equilibrar la producci\u00f3, l\u2019acidesa i el grau. Aquesta pr\u00e0ctica ha arribat fins als nostres dies com un dels petits tresors vit\u00edcoles del Priorat. En els closos de l\u2019entorn de Bellmunt, entre els ceps vells de ra\u00efm negre encara trobem plantes de varietats blanques. Amb els seus ra\u00efms elaborem aquest Blanc de Closos. \u00c9s un vi penetrant i potent, de tons quasi fer\u00e8stecs, que ens recorda la fresca nocturna durant el per\u00edode de maduraci\u00f3 del ra\u00efm.<\/p>\n<p>&nbsp;<\/p>\n<h2>NOTA DE TAST<\/h2>\n<p class=\"mar-bot-30\">Els aromes expressen la personalitat fresca i c\u00edtrica de la garnatxa blanca prioratina. Hi ha notes de pell de fruita i d\u2019herbes arom\u00e0tiques i un lleuger rastre de fruites d\u2019\u00f3s, com el pr\u00e9ssec. En boca \u00e9s agut i viu, marcadament mineral. Alhora s\u2019expressa amb persist\u00e8ncia i volum. La maceraci\u00f3 del most amb les pells del ra\u00efm aporta estructura. Ens agrada dir que representa el Priorat: barreja de natura i tradici\u00f3.<\/p>\n","protected":false},"excerpt":{"rendered":"<h3 class=\"h3-body no-margin pad-bot-50\">Personalitat fresca i equilibrada<\/h3>\n<p>Des d\u2019antic, als costers de garnatxa negre i sams\u00f3 s\u2019han plantat ceps esparsos de ra\u00efm blanc. La finalitat era equilibrar la producci\u00f3, l\u2019acidesa i el grau. Aquesta pr\u00e0ctica ha arribat fins als nostres dies com un dels petits tresors vit\u00edcoles del Priorat. En els closos de l\u2019entorn de Bellmunt, entre els ceps vells de ra\u00efm negre encara trobem plantes de varietats blanques. Amb els seus ra\u00efms elaborem aquest Blanc de Closos. \u00c9s un vi penetrant i potent, de tons quasi fer\u00e8stecs, que ens recorda la fresca nocturna durant el per\u00edode de maduraci\u00f3 del ra\u00efm.<\/p>\n<h5><a href=\"https:\/\/shop.costersdelpriorat.com\/app\/uploads\/2026\/01\/Blanc-de-closos-2024-cat.pdf\" target=\"_blank\" rel=\"noopener noreferrer\">Fitxa t\u00e8cnica<\/a><\/h5>\n<hr>\n<h5 style=\"color:#866a35;\">Distincions<\/h5>\n<div style=\"border-left:4px solid #866a35; padding:12px 14px; margin:18px 0; border-radius:6px; background:white; max-width:100%;\">\n<div style=\"display:flex; align-items:center; gap:12px;\">\n<div style=\"flex:0 0 auto;\">\n<div style=\"background:#866a35; color:#fff; font-weight:bold; padding:6px 10px; border-radius:6px; font-size:13px;\">PREMIAT<\/div>\n<\/p><\/div>\n<div style=\"flex:1;\">\n<div style=\"font-weight:bold; font-size:15px; color:#222;\">Vinous \u2014 m\u00e0xima distinci\u00f3<\/div>\n<\/p><\/div>\n<div style=\"flex:0 0 auto; text-align:right;\">\n<div style=\"font-weight:800; font-size:20px; color:#866a35;\">94<span style=\"font-size:12px; font-weight:bold; margin-left:4px;\">pts<\/span><\/div>\n<div style=\"font-size:11px; color:#666;\">Blanc de Closos 2024<\/div>\n<\/p><\/div>\n<\/p><\/div>\n<\/div>\n","protected":false},"featured_media":214,"template":"","meta":{"_acf_changed":false},"product_brand":[],"product_cat":[55],"product_tag":[],"class_list":{"0":"post-327","1":"product","2":"type-product","3":"status-publish","4":"has-post-thumbnail","6":"product_cat-vins-blancs","8":"first","9":"instock","10":"taxable","11":"shipping-taxable","12":"purchasable","13":"product-type-variable","14":"has-default-attributes"},"acf":[],"_links":{"self":[{"href":"https:\/\/shop.costersdelpriorat.com\/ca\/wp-json\/wp\/v2\/product\/327","targetHints":{"allow":["GET"]}}],"collection":[{"href":"https:\/\/shop.costersdelpriorat.com\/ca\/wp-json\/wp\/v2\/product"}],"about":[{"href":"https:\/\/shop.costersdelpriorat.com\/ca\/wp-json\/wp\/v2\/types\/product"}],"wp:featuredmedia":[{"embeddable":true,"href":"https:\/\/shop.costersdelpriorat.com\/ca\/wp-json\/wp\/v2\/media\/214"}],"wp:attachment":[{"href":"https:\/\/shop.costersdelpriorat.com\/ca\/wp-json\/wp\/v2\/media?parent=327"}],"wp:term":[{"taxonomy":"product_brand","embeddable":true,"href":"https:\/\/shop.costersdelpriorat.com\/ca\/wp-json\/wp\/v2\/product_brand?post=327"},{"taxonomy":"product_cat","embeddable":true,"href":"https:\/\/shop.costersdelpriorat.com\/ca\/wp-json\/wp\/v2\/product_cat?post=327"},{"taxonomy":"product_tag","embeddable":true,"href":"https:\/\/shop.costersdelpriorat.com\/ca\/wp-json\/wp\/v2\/product_tag?post=327"}],"curies":[{"name":"wp","href":"https:\/\/api.w.org\/{rel}","templated":true}]}}

<p class="mar-bot-30">Des d’antic, als costers de garnatxa negre i samsó s’han plantat ceps esparsos de raïm blanc. La finalitat era equilibrar la producció, l’acidesa i el grau. Aquesta pràctica ha arribat fins als nostres dies com un dels petits tresors vitícoles del Priorat. En els closos de l’entorn de Bellmunt, entre els ceps vells de raïm negre encara trobem plantes de varietats blanques. Amb els seus raïms elaborem aquest Blanc de Closos. És un vi penetrant i potent, de tons quasi ferèstecs, que ens recorda la fresca nocturna durant el període de maduració del raïm.</p>
<p>&nbsp;</p>
<h2>NOTA DE TAST</h2>
<p class="mar-bot-30">Els aromes expressen la personalitat fresca i cítrica de la garnatxa blanca prioratina. Hi ha notes de pell de fruita i d’herbes aromàtiques i un lleuger rastre de fruites d’ós, com el préssec. En boca és agut i viu, marcadament mineral. Alhora s’expressa amb persistència i volum. La maceració del most amb les pells del raïm aporta estructura. Ens agrada dir que representa el Priorat: barreja de natura i tradició.</p>

<h3 class="h3-body no-margin pad-bot-50">Personalitat fresca i equilibrada</h3>
<p>Des d’antic, als costers de garnatxa negre i samsó s’han plantat ceps esparsos de raïm blanc. La finalitat era equilibrar la producció, l’acidesa i el grau. Aquesta pràctica ha arribat fins als nostres dies com un dels petits tresors vitícoles del Priorat. En els closos de l’entorn de Bellmunt, entre els ceps vells de raïm negre encara trobem plantes de varietats blanques. Amb els seus raïms elaborem aquest Blanc de Closos. És un vi penetrant i potent, de tons quasi ferèstecs, que ens recorda la fresca nocturna durant el període de maduració del raïm.</p>
<h5><a href="https://shop.costersdelpriorat.com/app/uploads/2026/01/Blanc-de-closos-2024-cat.pdf" target="_blank" rel="noopener noreferrer">Fitxa tècnica</a></h5>
<hr>
<h5 style="color:#866a35;">Distincions</h5>
<div style="border-left:4px solid #866a35; padding:12px 14px; margin:18px 0; border-radius:6px; background:white; max-width:100%;">
<div style="display:flex; align-items:center; gap:12px;">
<div style="flex:0 0 auto;">
<div style="background:#866a35; color:#fff; font-weight:bold; padding:6px 10px; border-radius:6px; font-size:13px;">PREMIAT</div>
</p></div>
<div style="flex:1;">
<div style="font-weight:bold; font-size:15px; color:#222;">Vinous — màxima distinció</div>
</p></div>
<div style="flex:0 0 auto; text-align:right;">
<div style="font-weight:800; font-size:20px; color:#866a35;">94<span style="font-size:12px; font-weight:bold; margin-left:4px;">pts</span></div>
<div style="font-size:11px; color:#666;">Blanc de Closos 2024</div>
</p></div>
</p></div>
</div>
